{"id":35,"date":"2014-07-24T14:16:58","date_gmt":"2014-07-24T12:16:58","guid":{"rendered":"http:\/\/q4-haircare.de\/q4-neu\/?page_id=35"},"modified":"2021-01-26T12:54:28","modified_gmt":"2021-01-26T10:54:28","slug":"herrenserie","status":"publish","type":"page","link":"https:\/\/q4-haircare.de\/q4-neu\/q4-produkte\/herrenserie\/","title":{"rendered":"Vitalserie"},"content":{"rendered":"<table border=\"0\" cellspacing=\"0\" cellpadding=\"0\">\n<tbody>\n<tr>\n<td style=\"padding-left: 30px;\" colspan=\"5\" valign=\"top\" bgcolor=\"#973832\" width=\"631\"><span style=\"color: #ffffff; font-size: medium;\"><strong>Herrenserie<\/strong><\/span><\/td>\n<\/tr>\n<tr>\n<td rowspan=\"2\" valign=\"top\" width=\"150\">\u00a0<img decoding=\"async\" loading=\"lazy\" class=\"aligncenter wp-image-282 size-medium\" src=\"http:\/\/q4-haircare.de\/q4-neu\/wp-content\/uploads\/2015\/06\/15-06-18-Vital-Haarbad-136x300.gif\" alt=\"\" width=\"68\" height=\"150\" \/><\/td>\n<td style=\"padding-left: 30px;\" valign=\"top\" bgcolor=\"#973832\" width=\"158\"><span style=\"color: #ffffff;\"><span style=\"color: #ffffff;\"><strong>Vital<br \/>\nHaarbad Minze<br \/>\n<\/strong><\/span><\/span><\/td>\n<td valign=\"top\" width=\"19\"><\/td>\n<td rowspan=\"2\" valign=\"top\" width=\"150\">\u00a0<img decoding=\"async\" loading=\"lazy\" class=\"aligncenter wp-image-283 size-medium\" src=\"http:\/\/q4-haircare.de\/q4-neu\/wp-content\/uploads\/2015\/06\/15-06-18-Vital-Haarmaske-136x300.gif\" alt=\"\" width=\"68\" height=\"150\" \/><\/td>\n<td style=\"padding-left: 30px;\" valign=\"top\" bgcolor=\"#973832\" width=\"154\"><span style=\"color: #ffffff;\"><strong>Vital<br \/>\nHaarmaske Minze\/Rosskastanie<br \/>\n<\/strong><\/span><\/td>\n<\/tr>\n<tr>\n<td valign=\"top\" width=\"158\"><span style=\"color: #000000;\">F\u00fcr die t\u00e4gliche Reinigung &#8211; vitalisiert und pflegt Haar und Kopfhaut &#8211; Haarbad f\u00fcr feines bis normales Haar &#8211; Hochkonzentrat (deshalb ist eine geringe Menge ausreichend) <\/span><span style=\"color: #000000;\">Erh\u00e4ltlich in den Gr\u00f6\u00dfen: 200ml, 500ml<br \/>\n<\/span><\/td>\n<td valign=\"top\" width=\"19\"><\/td>\n<td valign=\"top\" width=\"154\"><span style=\"color: #000000;\">Durchblutungsf\u00f6rdernd -keratinaufbauend- Vitalisierend und stabilisierend f\u00fcr Haar und Kopfhaut. <\/span><span style=\"color: #000000;\">Erh\u00e4ltlich in den Gr\u00f6\u00dfen: 200ml, 500ml<\/span><\/td>\n<\/tr>\n<tr>\n<td rowspan=\"2\" valign=\"top\" width=\"150\">\u00a0<img decoding=\"async\" loading=\"lazy\" class=\"aligncenter wp-image-281 size-medium\" src=\"http:\/\/q4-haircare.de\/q4-neu\/wp-content\/uploads\/2015\/06\/15-06-18-Vital-Tonic-65x300.gif\" alt=\"\" width=\"32\" height=\"150\" \/><\/td>\n<td style=\"padding-left: 30px;\" valign=\"top\" bgcolor=\"#973832\" width=\"158\"><span style=\"color: #ffffff;\"><span style=\"color: #ffffff;\"><strong>Vital<br \/>\nTonic Minze<br \/>\n<\/strong><\/span><\/span><\/td>\n<td valign=\"top\" width=\"19\"><\/td>\n<td rowspan=\"2\" valign=\"top\" width=\"150\">\u00a0<a href=\"http:\/\/q4-haircare.de\/q4-neu\/wp-content\/uploads\/2015\/06\/15-06-18-Vital-brillanz-gel.gif\"><img decoding=\"async\" loading=\"lazy\" class=\"aligncenter wp-image-295 size-medium\" src=\"http:\/\/q4-haircare.de\/q4-neu\/wp-content\/uploads\/2015\/06\/15-06-18-Vital-brillanz-gel-89x300.gif\" alt=\"15-06-18 Vital brillanz gel\" width=\"45\" height=\"150\" \/><\/a><\/td>\n<td style=\"padding-left: 30px;\" valign=\"top\" bgcolor=\"#973832\" width=\"154\"><span style=\"color: #ffffff;\"><span style=\"color: #ffffff;\"><strong>Vital<br \/>\nBrillanz Gel Minze\/Rosskastanie<br \/>\n<\/strong><\/span><\/span><\/td>\n<\/tr>\n<tr>\n<td valign=\"top\" width=\"158\"><span style=\"color: #000000;\">Vital Haartonic aktiviert das Haarwachstum &#8211; Gesunderhaltung der Kopfhaut &#8211; Wirkt entz\u00fcndungshemmend und gef\u00e4ssst\u00e4rkend. Erh\u00e4ltlich in den Gr\u00f6\u00dfen: 200ml<\/span><\/td>\n<td valign=\"top\" width=\"19\"><\/td>\n<td valign=\"top\" width=\"154\"><span style=\"color: #000000;\">Leichtes Haargel (Festigungsgrad 4).<br \/>\nEs gibt leichten Halt und sehr viel Glanz<br \/>\n(Perlmuteffekt), gut auswaschbar. <\/span><span style=\"color: #000000;\">Erh\u00e4ltlich in den Gr\u00f6\u00dfen: 120ml<\/span><\/td>\n<\/tr>\n<\/tbody>\n<\/table>\n","protected":false},"excerpt":{"rendered":"<p>Herrenserie \u00a0 Vital Haarbad Minze \u00a0 Vital Haarmaske Minze\/Rosskastanie F\u00fcr die t\u00e4gliche Reinigung &#8211; vitalisiert und pflegt Haar und Kopfhaut &#8211; Haarbad f\u00fcr feines bis normales Haar &#8211; Hochkonzentrat (deshalb ist eine geringe Menge ausreichend) Erh\u00e4ltlich in den Gr\u00f6\u00dfen: 200ml, 500ml Durchblutungsf\u00f6rdernd -keratinaufbauend- Vitalisierend und stabilisierend f\u00fcr Haar und Kopfhaut. Erh\u00e4ltlich in den Gr\u00f6\u00dfen: 200ml, [&hellip;]<\/p>\n","protected":false},"author":2,"featured_media":276,"parent":7,"menu_order":0,"comment_status":"closed","ping_status":"closed","template":"","meta":[],"_links":{"self":[{"href":"https:\/\/q4-haircare.de\/q4-neu\/wp-json\/wp\/v2\/pages\/35"}],"collection":[{"href":"https:\/\/q4-haircare.de\/q4-neu\/wp-json\/wp\/v2\/pages"}],"about":[{"href":"https:\/\/q4-haircare.de\/q4-neu\/wp-json\/wp\/v2\/types\/page"}],"author":[{"embeddable":true,"href":"https:\/\/q4-haircare.de\/q4-neu\/wp-json\/wp\/v2\/users\/2"}],"replies":[{"embeddable":true,"href":"https:\/\/q4-haircare.de\/q4-neu\/wp-json\/wp\/v2\/comments?post=35"}],"version-history":[{"count":24,"href":"https:\/\/q4-haircare.de\/q4-neu\/wp-json\/wp\/v2\/pages\/35\/revisions"}],"predecessor-version":[{"id":533,"href":"https:\/\/q4-haircare.de\/q4-neu\/wp-json\/wp\/v2\/pages\/35\/revisions\/533"}],"up":[{"embeddable":true,"href":"https:\/\/q4-haircare.de\/q4-neu\/wp-json\/wp\/v2\/pages\/7"}],"wp:featuredmedia":[{"embeddable":true,"href":"https:\/\/q4-haircare.de\/q4-neu\/wp-json\/wp\/v2\/media\/276"}],"wp:attachment":[{"href":"https:\/\/q4-haircare.de\/q4-neu\/wp-json\/wp\/v2\/media?parent=35"}],"curies":[{"name":"wp","href":"https:\/\/api.w.org\/{rel}","templated":true}]}}