{"id":15,"date":"2014-07-24T14:04:34","date_gmt":"2014-07-24T12:04:34","guid":{"rendered":"http:\/\/q4-haircare.de\/q4-neu\/?page_id=15"},"modified":"2015-06-19T13:33:40","modified_gmt":"2015-06-19T11:33:40","slug":"finish","status":"publish","type":"page","link":"https:\/\/q4-haircare.de\/q4-neu\/q4-produkte\/finish\/","title":{"rendered":"Finish"},"content":{"rendered":"<p>&nbsp;<\/p>\n<p>&nbsp;<\/p>\n<p>&nbsp;<\/p>\n<p>&nbsp;<\/p>\n<p>&nbsp;<\/p>\n<p>&nbsp;<\/p>\n<p>&nbsp;<\/p>\n<table border=\"0\" cellspacing=\"0\" cellpadding=\"0\">\n<tbody>\n<tr>\n<td style=\"padding-left: 30px;\" colspan=\"5\" valign=\"top\" bgcolor=\"#973832\" width=\"631\"><span style=\"color: #ffffff; font-size: medium;\"><strong>Finish<\/strong><\/span><\/td>\n<\/tr>\n<tr>\n<td rowspan=\"2\" valign=\"top\" width=\"150\">\u00a0<img decoding=\"async\" loading=\"lazy\" class=\"aligncenter wp-image-328 size-medium\" src=\"http:\/\/q4-haircare.de\/q4-neu\/wp-content\/uploads\/2014\/07\/15-06-18-Farbschutzspray-66x300.gif\" alt=\"15-06-18 Farbschutzspray\" width=\"33\" height=\"150\" srcset=\"https:\/\/q4-haircare.de\/q4-neu\/wp-content\/uploads\/2014\/07\/15-06-18-Farbschutzspray-66x300.gif 66w, https:\/\/q4-haircare.de\/q4-neu\/wp-content\/uploads\/2014\/07\/15-06-18-Farbschutzspray-225x1024.gif 225w\" sizes=\"(max-width: 33px) 100vw, 33px\" \/><\/td>\n<td style=\"padding-left: 30px;\" valign=\"top\" bgcolor=\"#973832\" width=\"158\"><span style=\"color: #ffffff;\"><span style=\"color: #ffffff;\"><strong>Farbschutzspray Panthenol<br \/>\n<\/strong><\/span><\/span><\/td>\n<td valign=\"top\" width=\"19\"><\/td>\n<td rowspan=\"2\" valign=\"top\" width=\"150\">\u00a0<img decoding=\"async\" loading=\"lazy\" class=\"aligncenter size-medium wp-image-323\" src=\"http:\/\/q4-haircare.de\/q4-neu\/wp-content\/uploads\/2015\/06\/15-06-18-Strukturbalsam-Mandelbaum-65x300.gif\" alt=\"15-06-18 Strukturbalsam Mandelbaum\" width=\"33\" height=\"150\" \/><\/td>\n<td style=\"padding-left: 30px;\" valign=\"top\" bgcolor=\"#973832\" width=\"154\"><span style=\"color: #ffffff;\"><strong>Strukturbalsam Mandelbaum<\/strong><\/span><\/td>\n<\/tr>\n<tr>\n<td valign=\"top\" width=\"158\"><span style=\"color: #000000;\">Farbschutzspray, strukturberuhigendes Spray ohne Fett. Verleiht dem Haar ausdrucksvollen Glanz und 24 Stunden Schutz. <\/span><span style=\"color: #000000;\">Erh\u00e4ltlich in den Gr\u00f6\u00dfen: 250ml<\/span><\/td>\n<td valign=\"top\" width=\"19\"><\/td>\n<td valign=\"top\" width=\"154\"><span style=\"color: #000000;\">F\u00fcr individuelle Frisurengestaltung und Texturierung von Haarpartien. Modernes Stylingprodukt f\u00fcr Ausdruck und Glanz. Schutz durch UV-Filter. <span style=\"color: #000000;\">Erh\u00e4ltlich in den Gr\u00f6\u00dfen: 100ml, 200ml<\/span><\/span><\/p>\n<p>&nbsp;<\/td>\n<\/tr>\n<tr>\n<td rowspan=\"2\" valign=\"top\" width=\"150\">\u00a0<img decoding=\"async\" loading=\"lazy\" class=\"aligncenter wp-image-331 size-medium\" src=\"http:\/\/q4-haircare.de\/q4-neu\/wp-content\/uploads\/2014\/07\/15-06-18-Glanzspray-Kieselerde-145x300.gif\" alt=\"15-06-18 Glanzspray Kieselerde\" width=\"73\" height=\"150\" srcset=\"https:\/\/q4-haircare.de\/q4-neu\/wp-content\/uploads\/2014\/07\/15-06-18-Glanzspray-Kieselerde-145x300.gif 145w, https:\/\/q4-haircare.de\/q4-neu\/wp-content\/uploads\/2014\/07\/15-06-18-Glanzspray-Kieselerde-496x1024.gif 496w\" sizes=\"(max-width: 73px) 100vw, 73px\" \/><\/td>\n<td style=\"padding-left: 30px;\" valign=\"top\" bgcolor=\"#973832\" width=\"158\"><span style=\"color: #ffffff;\"><span style=\"color: #ffffff;\"><strong>Glanzspray<br \/>\n<\/strong><\/span><\/span><span style=\"color: #ffffff;\"><strong>Kieselerde<\/strong><\/span><\/td>\n<td valign=\"top\" width=\"19\"><\/td>\n<td rowspan=\"2\" valign=\"top\" width=\"150\">\u00a0<img decoding=\"async\" loading=\"lazy\" class=\"aligncenter size-medium wp-image-329\" src=\"http:\/\/q4-haircare.de\/q4-neu\/wp-content\/uploads\/2014\/07\/15-06-18-Finishspray-Eichenrinde-72x300.gif\" alt=\"15-06-18 Finishspray Eichenrinde\" width=\"36\" height=\"150\" srcset=\"https:\/\/q4-haircare.de\/q4-neu\/wp-content\/uploads\/2014\/07\/15-06-18-Finishspray-Eichenrinde-72x300.gif 72w, https:\/\/q4-haircare.de\/q4-neu\/wp-content\/uploads\/2014\/07\/15-06-18-Finishspray-Eichenrinde-245x1024.gif 245w\" sizes=\"(max-width: 36px) 100vw, 36px\" \/><\/td>\n<td style=\"padding-left: 30px;\" valign=\"top\" bgcolor=\"#973832\" width=\"154\"><span style=\"color: #ffffff;\"><span style=\"color: #ffffff;\"><strong>Finishspray<br \/>\nEichenrinde<br \/>\n<\/strong><\/span><\/span><\/td>\n<\/tr>\n<tr>\n<td valign=\"top\" width=\"158\"><span style=\"color: #000000;\">Gibt dem Haar den sofortigen Glanz und Ausdrucksst\u00e4rke f\u00fcr den ganzen Tag. Schutz durch UV-Filter.<\/span><span style=\"color: #000000;\"> Erh\u00e4ltlich in den Gr\u00f6\u00dfen: 150ml<\/span><\/td>\n<td valign=\"top\" width=\"19\"><\/td>\n<td valign=\"top\" width=\"154\"><span style=\"color: #000000;\">Eichenrinden Finishspray verleiht dem Haar optimalen Halt und gibt der Frisur einen nat\u00fcrlichen Glanz und Schutz durch UV-Filter. <\/span><span style=\"color: #000000;\">Erh\u00e4ltlich in den Gr\u00f6\u00dfen: 75ml, 400ml<\/span><\/p>\n<p>&nbsp;<\/td>\n<\/tr>\n<tr>\n<td rowspan=\"2\" valign=\"top\" width=\"150\"><img decoding=\"async\" loading=\"lazy\" class=\"aligncenter size-medium wp-image-327\" src=\"http:\/\/q4-haircare.de\/q4-neu\/wp-content\/uploads\/2014\/07\/15-06-18-Naturalspray-Lorbeerbaum-76x300.gif\" alt=\"15-06-18 Naturalspray Lorbeerbaum\" width=\"38\" height=\"150\" srcset=\"https:\/\/q4-haircare.de\/q4-neu\/wp-content\/uploads\/2014\/07\/15-06-18-Naturalspray-Lorbeerbaum-76x300.gif 76w, https:\/\/q4-haircare.de\/q4-neu\/wp-content\/uploads\/2014\/07\/15-06-18-Naturalspray-Lorbeerbaum-259x1024.gif 259w\" sizes=\"(max-width: 38px) 100vw, 38px\" \/><\/td>\n<td style=\"padding-left: 30px;\" valign=\"top\" bgcolor=\"#973832\" width=\"158\"><span style=\"color: #ffffff;\"><span style=\"color: #ffffff;\"><strong>Naturalspray Lorbeerbaum<\/strong><\/span><\/span><\/td>\n<td valign=\"top\" width=\"19\"><\/td>\n<td rowspan=\"2\" valign=\"top\" width=\"150\"><\/td>\n<td style=\"padding-left: 30px;\" valign=\"top\" bgcolor=\"#973832\" width=\"154\"><span style=\"color: #ffffff;\"><span style=\"color: #ffffff;\"><strong><br \/>\n<\/strong><\/span><\/span><\/td>\n<\/tr>\n<tr>\n<td valign=\"top\" width=\"158\"><span style=\"color: #000000;\">Naturalspray verleiht dem Haar nat\u00fcrlichen Halt und Glanz. Schutz durch UV-Filter Erh\u00e4ltlich in den Gr\u00f6\u00dfen: 220ml, 500ml, 5.000ml<br \/>\n<\/span><\/td>\n<td valign=\"top\" width=\"19\"><\/td>\n<td valign=\"top\" width=\"154\"><\/td>\n<\/tr>\n<\/tbody>\n<\/table>\n<p>&nbsp;<\/p>\n<p>&nbsp;<\/p>\n","protected":false},"excerpt":{"rendered":"<p>&nbsp; &nbsp; &nbsp; &nbsp; &nbsp; &nbsp; &nbsp; Finish \u00a0 Farbschutzspray Panthenol \u00a0 Strukturbalsam Mandelbaum Farbschutzspray, strukturberuhigendes Spray ohne Fett. Verleiht dem Haar ausdrucksvollen Glanz und 24 Stunden Schutz. Erh\u00e4ltlich in den Gr\u00f6\u00dfen: 250ml F\u00fcr individuelle Frisurengestaltung und Texturierung von Haarpartien. Modernes Stylingprodukt f\u00fcr Ausdruck und Glanz. Schutz durch UV-Filter. Erh\u00e4ltlich in den Gr\u00f6\u00dfen: 100ml, 200ml [&hellip;]<\/p>\n","protected":false},"author":2,"featured_media":332,"parent":7,"menu_order":0,"comment_status":"closed","ping_status":"closed","template":"","meta":[],"_links":{"self":[{"href":"https:\/\/q4-haircare.de\/q4-neu\/wp-json\/wp\/v2\/pages\/15"}],"collection":[{"href":"https:\/\/q4-haircare.de\/q4-neu\/wp-json\/wp\/v2\/pages"}],"about":[{"href":"https:\/\/q4-haircare.de\/q4-neu\/wp-json\/wp\/v2\/types\/page"}],"author":[{"embeddable":true,"href":"https:\/\/q4-haircare.de\/q4-neu\/wp-json\/wp\/v2\/users\/2"}],"replies":[{"embeddable":true,"href":"https:\/\/q4-haircare.de\/q4-neu\/wp-json\/wp\/v2\/comments?post=15"}],"version-history":[{"count":16,"href":"https:\/\/q4-haircare.de\/q4-neu\/wp-json\/wp\/v2\/pages\/15\/revisions"}],"predecessor-version":[{"id":402,"href":"https:\/\/q4-haircare.de\/q4-neu\/wp-json\/wp\/v2\/pages\/15\/revisions\/402"}],"up":[{"embeddable":true,"href":"https:\/\/q4-haircare.de\/q4-neu\/wp-json\/wp\/v2\/pages\/7"}],"wp:featuredmedia":[{"embeddable":true,"href":"https:\/\/q4-haircare.de\/q4-neu\/wp-json\/wp\/v2\/media\/332"}],"wp:attachment":[{"href":"https:\/\/q4-haircare.de\/q4-neu\/wp-json\/wp\/v2\/media?parent=15"}],"curies":[{"name":"wp","href":"https:\/\/api.w.org\/{rel}","templated":true}]}}